t t(o) = 6*o + 1. Let p(g) be the first derivative of g**2/2 - 18. Let d(m) = 5*p(m) - t(m). What is d(7)?
-8
Let w(i) = -17*i**2 - i - 4. Let k(b) = -16*b**2 - 3. Let p(m) = -3*k(m) + 2*w(m). Suppose 0*h = -4*z - h + 2, 5*z + 4*h = -3. Calculate p(z).
13
Let v = -14 - -8. Let u be ((-21)/6)/(3/v). Let t(j) = u*j - 4*j**2 - 5*j + 5*j**2 + 3*j - 9. What is t(-7)?
5
Let d = -39 + 56. Suppose 0 = -2*h - 23 + d. Let c(s) = s**2. Determine c(h).
9
Let m(t) = 22 + 28 + 2*t - 68 + 23. What is m(-4)?
-3
Let n be (-1 - -2)*(2 + 3). Let i(q) = -q - 1. Let h(g) = 10. Let o(c) = -h(c) - 3*i(c). Give o(n).
8
Let d(a) = 18*a**3 + 9*a**2 + 21*a + 1. Let q(t) = 7*t**3 + 4*t**2 + 10*t + 1. Let p(f) = -2*d(f) + 5*q(f). What is p(4)?
3
Let q(v) be the first derivative of -v**2 - 2*v - 47. Calculate q(-2).
2
Let i(c) = -2090*c**2 + 5*c + 4 - 8 + 2091*c**2. Give i(-3).
-10
Let i(d) = -6 - d + d - 2*d. Let v be 126/49*(10 - 3). Suppose -3*y - v = -0*m + 3*m, y = -2*m - 10. Give i(m).
2
Let b(q) = -3*q**2 + 0*q - 2*q - 3*q**3 - 1 + q**3. Suppose 0 = 3*n - 2*n - 3*j + 8, 8 = 4*j. Give b(n).
7
Let s(b) = -5 - 11*b - 11*b + 47*b - 12*b - 16*b. Determine s(7).
-26
Suppose 2*j - 14 = 5*p, -5*p - 2*j - 4 = 2. Let s be (-9)/(-4) + p/8. Let h(k) = -k**2 + 0*k + s*k + 4*k. Calculate h(6).
0
Suppose -133 = -31*b + 84. Let u(i) = i**3 - 6*i**2 - 8*i + 10. Determine u(b).
3
Let k(n) = -320*n + 986*n + n**2 + 4 - 328*n - 327*n. What is k(-10)?
-6
Let u(f) = -f**2 + 6*f + 5. Let h be u(6). Suppose -h*r + 20 = -15. Let s(l) = 21*l - r*l - 11*l. Give s(-4).
-12
Let k(j) = 2*j**2 - 2*j**2 - j**2 + 12 + 5*j - 3 - 6. Give k(7).
-11
Let v(r) = -r - 11. Let z(g) be the second derivative of 16*g**2 + 1/3*g**3 + 4*g + 0. Let y(m) = -11*v(m) - 4*z(m). Determine y(5).
8
Let k(h) = -2*h**3 + 10*h**2 - 5*h + 17. Let o be ((-17)/34)/(2/(-8)). Let s(u) = -5 + 4*u - 5*u**2 - u + u**3 - 3. Let q(t) = o*k(t) + 5*s(t). Determine q(4).
-2
Let c(g) be the third derivative of g**4/24 - 5*g**3/6 - 3*g**2 + 59*g. Give c(11).
6
Let g be 4 - (4 + 0 + -6). Let s(r) = r - 8. Calculate s(g).
-2
Suppose -2*y - h = -7, -9*y + 5*h = -13*y + 17. Let m(a) be the third derivative of -a**4/24 + a**3/3 + a**2. Determine m(y).
-1
Let z(h) be the third derivative of h**5/60 - h**4/24 - 2*h**3/3 + h**2. Suppose -584*i + 703*i = 357. Determine z(i).
2
Let d(w) be the second derivative of -w**6/360 - w**5/15 - w**4/4 - 11*w**3/3 + 23*w. Let u(l) be the second derivative of d(l). Determine u(-6).
6
Suppose -144 = 11*b - 3*b. Let g(p) = -p - 34. Give g(b).
-16
Let x(d) be the second derivative of 0 + 1/2*d**3 - d + 0*d**2 + 5/24*d**4 + 1/120*d**5. Let a(y) be the second derivative of x(y). Give a(-3).
2
Let a(d) be the first derivative of -d**4/4 - 14*d**3/3 - 3*d**2/2 - 35*d - 123. Calculate a(-14).
7
Suppose 16 = -7*b + 3*b + 4*w, 3*b = -4*w + 16. Let v(p) = 4 - 6*p + b*p - 1 + 0. Let c = -7 - -9. What is v(c)?
-9
Let i(g) = -4*g**2 - 3*g - 3. Let m(r) = -9*r**2 - 5*r - 5. Let a(x) = 7*i(x) - 3*m(x). Let l(o) = -o**3 + 9*o**2 - 9*o + 4. Let v be l(8). Calculate a(v).
2
Let v(m) = -m**3 - 5*m**2 + 2*m - 7. Let g = -303 + 298. Calculate v(g).
-17
Let d(n) = n**3 - 3*n**2 - 3*n - 3. Let c(f) = -4*f**2 + 3*f. Let s be c(1). Let q(x) = -3*x**3 - x**2 - x + 1. Let w be q(s). What is d(w)?
1
Let w(l) = -l - 2. Let i be w(8). Let o(p) be the third derivative of -p**5/60 - 3*p**4/8 + 5*p**3/6 + 159*p**2. Give o(i).
-5
Let t(d) = -2*d + 8. Suppose 4*p = 6*c - 8*c + 36, 0 = 5*p + 4*c - 48. Give t(p).
-8
Let j(s) = s**3 + 3*s**2 - s - 3. Let r(z) = -3*z**3 - 6*z**2 + 2*z + 7. Suppose -3*g = g - 12. Let p be 7/g + (-2)/6. Let x(u) = p*r(u) + 5*j(u). Give x(3).
-4
Let d(t) = -2*t**3 - 11*t**2 - 6*t + 2. Let x be d(-5). Let j(h) = -h + 2. Give j(x).
-5
Suppose -344 = -12*t - 404. Let v(l) = -l**2 + 3*l + 2. Give v(t).
-38
Let f = -221/6 + 37. Let t(w) be the third derivative of f*w**3 + 4*w**2 - 1/120*w**6 + 1/24*w**4 + 0*w + 1/30*w**5 + 0. Give t(3).
-5
Let u(p) be the first derivative of p**2 - 3. Suppose -3*k = -3*h - 90, 0 = 5*h - 3*h. Let r = k + -27. Determine u(r).
6
Let n(s) be the second derivative of s**6/360 + s**5/24 - s**4/3 - 7*s**3/2 - 3*s. Let v(r) be the second derivative of n(r). What is v(-6)?
-2
Let g(l) be the second derivative of l**4/12 - l**3/6 - 3*l**2 - 5*l - 34. Let x = 2 - 2. What is g(x)?
-6
Let k(z) = z**2 + 2*z + 3. Let a be k(0). Suppose -u - a + 20 = 0. Suppose -v + 4*m - 32 = -11, -u = 2*v - 3*m. Let w(f) = -5*f**3 + 2*f**2 - 1. Determine w(v).
6
Let z(h) be the second derivative of h**6/120 - h**5/12 + h**4/6 - h**3/2 - 3*h**2 + 6*h. Let j(t) be the first derivative of z(t). Give j(4).
-3
Let t = 272 + -278. Let z(c) = -c**3 - 6*c**2 - 2*c. Determine z(t).
12
Suppose t + 9 + 0 = 0. Let s be (-3 + -1 + 7)/(t/15). Let v(k) = 3*k - 6. Determine v(s).
-21
Let c(v) = 8*v**2 - v + 6. Let a(j) be the first derivative of -5*j**3 + 3*j**2/2 - 12*j - 14. Let g(y) = 6*a(y) + 11*c(y). Calculate g(4).
-10
Let k(j) = j. Let f(v) = 3*v - 2. Let y(w) = 2*f(w) - 2*k(w). Let b(o) = -o**2 - o. Let i be b(-3). Determine y(i).
-28
Let z be (-2 - (-4)/2)*1. Suppose 0 = -5*w - z*w - 90. Let v be (-4)/w + 80/45. Let y(h) = h**3 - 3*h**2 + 1. What is y(v)?
-3
Suppose -2 = 3*j + d - 26, 5*j - 40 = 4*d. Let y = j - 4. Let s(q) = 3 - q**2 - y*q - 6 - 1 + 0*q**2. Give s(-4).
-4
Let x(i) = i**3 - 7*i**2 + 5*i + 10. Let h be x(6). Suppose 3*p - 2*r = -h, 5*p + 2 = 4*r - 8. Let v(f) = -f**3 + 3*f - 1. Give v(p).
-3
Let v(w) = -w**2 - 2*w - 3. Let z be -1 - 15/20 - 3/12. Calculate v(z).
-3
Let f(a) be the second derivative of a**5/20 + a**4/3 + 2*a**3/3 + 5*a**2/2 + 548*a. Calculate f(-5).
-40
Let h(t) = 7*t**3 + 5*t**2 + 19*t + 12. Let d(w) = 4*w**3 + 2*w**2 + 10*w + 6. Let c(a) = 5*d(a) - 3*h(a). What is c(-4)?
6
Let c(w) = -2*w. Let i be c(0). Suppose k = -y + 6, 4*k + i*k + 2*y = 14. Let m(b) = -1 - 1 + 2 - 1 + 16*b. What is m(k)?
15
Suppose 0 = -2*t + 23 + 31. Suppose -t = 4*f + 25. Let x(h) = -h**2 - 15*h - 30. Let z be x(f). Let q(n) = n**2 + 5*n + 6. Calculate q(z).
2
Let g(z) = -4*z - 4 - z**2 + 6 - 1. Let y be (-68)/5 - 6/15. Let f be (-2)/(-3)*105/y. Calculate g(f).
-4
Let o(j) be the second derivative of 5/2*j**2 - 1/3*j**4 + 0 - 18*j - 1/20*j**5 + 1/2*j**3. What is o(-4)?
-7
Let h(n) = n**2 + n + 1. Let c(k) = 2*k**2 + 2. Let m(f) = -2*c(f) + 5*h(f). What is m(-7)?
15
Let y(q) = q**3 + 21*q**2 + 19*q - 7. Suppose -118*b = -25*b + 1860. Calculate y(b).
13
Let c(k) = 3*k + 182 - 2*k - 183. What is c(3)?
2
Let b(c) be the first derivative of 3*c**2 - 32 - 17 + 0*c**2 - 1. Determine b(-1).
-6
Let y(f) = -7*f**2 + 5*f - 2. Let k(j) = -19*j**2 + 15*j - 6. Let i(z) = 3*k(z) - 8*y(z). What is i(6)?
-8
Let h(k) = -k - 7. Suppose -3*m + 0*m = 10*m. What is h(m)?
-7
Let p(b) = -b**2 + 5*b + 5. Let x be (16/(-48))/((-2)/(-12)). Give p(x).
-9
Let m(s) be the first derivative of -3*s**3 - 8*s + 1/2*s**2 - 14 + 1/4*s**4. Determine m(9).
1
Let z = 348 - 342. Let n = -4 - -6. Let u(y) = y**n + 3*y + 0 + 6 - 9*y. What is u(z)?
6
Let m(c) = -c**3 + 4*c**2 - 6*c + 2. Let n(j) = 3*j**2 + j. Let h be n(1). What is m(h)?
-22
Let q(s) = 2*s - 3. Let k(f) = f + 1. Let x(b) = 3*k(b) - q(b). Let d = 32 + -37. Determine x(d).
1
Let y(h) = -2*h + 5. Let v be 40/(-25)*(-20)/(-8). Determine y(v).
13
Let r(w) = -w**3 - 4*w + 3*w - 1 - w + 0*w**3 - 6*w**2. Let o be ((-6)/(-72)*4)/((-1)/15). Give r(o).
-16
Suppose 24 = 18*c - 6*c. Let g be 3 + (1 - 2) + 1. Suppose -t = -p - 0*p + g, 3*t + 13 = c*p. Let s(b) = b + 9. Calculate s(t).
2
Let c = -2178 + 2180. Let p(x) = -5*x**2 + 5*x - 5. Let l(k) = 2*k**2 - 2*k + 2. Let y(u) = -8*l(u) - 3*p(u). Give y(c).
-3
Suppose 0 = -10*g - 8 + 38. Let l(s) = -2*s**3 + 63 - 66 - s**2 + 3*s**3 + 0*s**3 - 3*s. Calculate l(g).
6
Let z(i) be the third derivative of -i**5/60 + i**4/8 + i**3/6 - 2*i**2. Suppose 2 = -2*o + 20. Suppose -1 + o = 2*a. What is z(a)?
-3
Let n be (-6)/3 - (-4 - 1). Let h(g) = -n*g**2 + 5*g**2 - 3 - 36*g + 34*g - g**2. Determine h(-2).
5
Let a(w) = -w**2 + 13*w - 42. Let y be a(6). Suppose -38*h + 34*h - 16 = y. Let v(i) = -i**3 - 3*i**2 + i - 5. Determine v(h).
7
Suppose -19*h + 40 = -5*u - 14*h, -5*h + 35 = -4*u. Let n(t) = t**2 - 4*t + 4. Calculate n(u).
49
Let h(f) = 10*f + 29. Let a be h(-3